and m?
13
Suppose 4*v + 5*o - 64 = 0, 4*v = o + o + 36. Calculate the highest common factor of 22 and v.
11
Let p(g) = -2*g**2 - g + 20. Let f be p(0). Calculate the highest common divisor of 20 and f.
20
Let m be 3*(-1 + 2)/(-1). Let d be (3 - (-17 - m)) + -1. Calculate the greatest common divisor of 16 and d.
16
Let j be 24/192 + (-351)/(-8). What is the highest common divisor of 11 and j?
11
Let x be ((-2)/(-2))/((-4)/(-20)). Suppose 4*z = x*d - 23, -2*d = -5*z + 2*d - 22. Let j = 14 - z. What is the greatest common factor of j and 32?
16
Suppose -2*n = -n - 2. Suppose 5 = -x - 2*f, -n*x + 4 = 2*x + 2*f. Suppose 2*p = -x*i + 9 + 12, -i - 5*p = -7. What is the highest common factor of i and 56?
7
Suppose 5*h + 10 = 0, -3*b + 3*h + 25 + 17 = 0. Calculate the greatest common divisor of 3 and b.
3
Let p(q) = q**3 - 6*q**2 + 5. Let z be p(6). Suppose 4*c - z = 19. Suppose -4*u = 3*a - 61, -u - 12 = 3*a - 61. What is the highest common divisor of c and a?
3
Suppose 4*d + 6 = 2*s + d, -2*d + 6 = 2*s. Suppose s*b + b = 8. What is the greatest common factor of 14 and b?
2
Suppose 4*z + 15 = 2*z - 3*c, -5*c - 33 = 4*z. Let u be (z/(-10))/(1/65). Let h be (6/18)/(2/u). What is the greatest common divisor of 13 and h?
13
Let j be 4/(-2 - (-10)/4). Suppose -t - j = -28. Calculate the greatest common factor of t and 180.
20
Let d = 44 + -17. Calculate the highest common divisor of d and 27.
27
Let l = -6 + 8. Suppose -3*s - 259 = -4*d, -l*s - 2*s + 316 = 5*d. What is the greatest common factor of d and 8?
8
Suppose 0 = 4*l - 15 - 45. Suppose 3 - 7 = m. Let n be m/10 - 154/(-10). Calculate the highest common divisor of n and l.
15
Let z be (26 - -1)*(-1)/(-3). Calculate the highest common factor of 81 and z.
9
Suppose 4*q + 124 = -x + 4*x, 0 = 2*x + 5*q - 121. Suppose 2*d - 16 = 48. Calculate the greatest common factor of d and x.
16
Let h(c) = c**3 - 2*c**2 + 2*c. Let o be h(4). What is the highest common factor of o and 16?
8
Suppose 0*y - 42 = -3*y. Suppose 3*d - 7 - y = 0. What is the greatest common factor of 77 and d?
7
Suppose -3*u + 168 = u. Suppose v - 60 = -2*m - 3*v, -4*m + 107 = -5*v. What is the greatest common factor of u and m?
14
Let w be 9/(-2)*(-6)/9. Suppose 5*b = w*y - 211, -22 - 375 = -5*y - 3*b. What is the highest common divisor of y and 7?
7
Let j(d) = 3*d**2 + 4*d + 2. Let h be j(-3). Suppose 0 = 4*v - 3*v - 17. What is the highest common factor of v and h?
17
Let z = 355 - 200. Calculate the greatest common factor of 31 and z.
31
Let f be 3/(-3)*(-1 - 0). Let q(r) = 85*r**2 - r + 1. Let b be q(f). Suppose b = 3*z + 2*z. What is the highest common factor of z and 119?
17
Let v(a) = -a**3 - 6*a**2 + a + 5. Let i be v(-4). Let y = 49 + i. Suppose 4*o - 330 = 174. Calculate the highest common factor of y and o.
18
Suppose 2*y + 66 = 5*y. What is the greatest common divisor of y and 11?
11
Let r = 1 - -1. Let a be 45 + 0 + r/(-2). Calculate the greatest common factor of 4 and a.
4
Let q(j) = j**3 + 3*j**2 + 4*j + 1. Let x be 5*-1 - (-5 + 3). Let y be q(x). Let g = y - -22. What is the highest common divisor of 44 and g?
11
Suppose -2 = -2*v + 24. Let q = 4 - -87. Calculate the highest common factor of q and v.
13
Suppose -195 = -9*b + 93. What is the highest common divisor of b and 4?
4
Let n(x) = 2*x**2 - 4*x - 4. Let p be n(4). Let u be (-18)/p*12/(-1). Calculate the greatest common divisor of 2 and u.
2
Suppose 0 = 5*c - 10 - 5. Suppose 2*u = u - 3*w + 6, w = -c*u + 42. Calculate the greatest common divisor of u and 10.
5
Suppose 0 = -4*a + 16, i - 2*a - 7 = -0*i. Let z be 12/45*114*5. Let r = z - 77. What is the highest common factor of i and r?
15
Let u(j) = j**2 + j + 1. Suppose -3*x + 21 = -3*z, 5*x + 3*z - z = 0. Let v be u(x). What is the greatest common factor of v and 7?
7
Let k(y) = y**3 - 17*y**2 + 17*y - 1. Let z be k(16). Let g(f) = -f**3 - 3*f**2 + 2*f - 5. Let w be g(-4). What is the highest common divisor of z and w?
3
Suppose 0*q - 10 = -2*q. Suppose q*p = 2*s - 15 + 108, 2*s + 8 = 0. What is the highest common factor of p and 187?
17
Suppose 3*k - 21 - 9 = 0. Suppose 0 = -4*p + 5*g + 90, -p - 2*g + 11 = -18. Calculate the greatest common divisor of k and p.
5
Let g(v) = v**2 - 2*v - 3. Let z be (-1)/1 - (2 - 1). Let o be g(z). What is the greatest common factor of 20 and o?
5
Let x(i) = i + 192. Let o be x(-16). Let w be 10/4 - (-1)/(-2). Suppose -w*t = 2*t - 88. What is the highest common divisor of t and o?
22
Let v(m) = 2*m**2 + 7*m - 1. Let w be v(-7). Suppose -5*j - 17 = -4*n - w, 4*n = 4*j - 28. Suppose j*p - 8 = 7. Calculate the highest common divisor of p and 5.
5
Let b be (-6)/12 - 191/(-2). Let t be 0/(3 - 2) - -19. What is the highest common factor of b and t?
19
Let n(p) = -p**3 + 14*p**2 + 37*p + 12. Let y be n(16). Calculate the greatest common divisor of y and 46.
46
Let t(i) = -i**3 - 10*i**2 + 2. Let s be t(-10). What is the greatest common divisor of s and 1?
1
Let r = 8 + 7. Suppose -12 - 3 = -4*k - d, -4*k - 3*d + 21 = 0. What is the greatest common factor of k and r?
3
Let l = 40 + -34. Calculate the greatest common divisor of 42 and l.
6
Suppose -2*q = 2*q - 16. Let b be (-6)/q + 34/4. Calculate the highest common divisor of 7 and b.
7
Let i = 26 + -10. Let h(z) = -z**2 + 8*z + 4. Let a be h(6). Calculate the greatest common divisor of a and i.
16
Let y = -7 + 12. Let v(p) = p**2 - 3*p - 5. Let d be v(y). Let u = d - 0. What is the highest common factor of 2 and u?
1
Let w = 12 + -11. Calculate the highest common divisor of 8 and w.
1
Suppose -j + 5 = 1. What is the highest common divisor of 32 and j?
4
Suppose 5*m + 10 = 0, 2*v - 2 = -4*m + 2. Let w = -3 + v. Suppose -2*o + 14 = 3*f, w*o - 14 = -f - 7. What is the highest common divisor of 16 and f?
4
Let n = -122 + 174. What is the highest common divisor of 78 and n?
26
Suppose -5*p + 3*p = -252. Calculate the greatest common factor of 14 and p.
14
Let s(l) = l**2 + l + 4. Let i = -5 + 10. Let b be s(i). Calculate the highest common divisor of 51 and b.
17
Let t(z) = z**2. Let q be t(3). Suppose -2*p + 9 + q = 0. Suppose -4*i - 110 = -7*i + 2*f, 0 = 2*i + 3*f - 69. What is the greatest common divisor of p and i?
9
Suppose 4*w - 11 = 1. Suppose 2*s = c + 28 + 117, w*s - c - 215 = 0. What is the highest common factor of s and 28?
14
Let m = 22 + -13. Let x be (-1)/3 + 10/3. Suppose -5*i + 250 - 10 = -x*f, 2*i - 5*f - 115 = 0. Calculate the greatest common factor of i and m.
9
Let j(c) = -c**3 - 8*c**2 - c - 6. Let h be j(-8). Calculate the highest common divisor of h and 18.
2
Let a be 0 + 2 - 11*-3. Suppose 3*q + a = 95. Let y(x) = x**2 + 2*x - 3. Let c be y(-4). Calculate the greatest common factor of c and q.
5
Suppose d = -6 - 0. Let h = d + 16. What is the greatest common divisor of h and 20?
10
Suppose 10*x - 130 = 5*x - 4*a, -2*x + 85 = -5*a. Suppose 6 = -3*n, -4*k + x = -0*n + 3*n. What is the greatest common divisor of k and 9?
9
Suppose 3*b - 31 = 4*w, -2*w = -2*b + w + 21. What is the highest common factor of b and 81?
9
Let b = 37 + 68. Suppose 4*t + b = 385. What is the greatest common divisor of t and 28?
14
Let w(r) = r**2 - 3*r + 5*r**3 + 0*r + 4*r. Let d be w(-1). Let n(l) = 2*l**2 + 4*l - 3. Let o be n(d). Calculate the greatest common divisor of o and 3.
3
Let n be (6/(-4))/(9/(-6)) - -19. Calculate the highest common divisor of n and 140.
20
Suppose -r = 2*r - 45. Let i(j) = -2*j**3 - 4*j**2 + 4*j - 3. Let s be i(-4). Calculate the highest common factor of r and s.
15
Let c(d) = 11 + 0*d**3 - 60*d - 4 - 3*d**2 + d**3 + 59*d. Let r be c(5). Calculate the greatest common divisor of 78 and r.
26
Suppose i + 2*k - 40 = 0, 199 = 4*i + 5*k + 51. What is the highest common factor of 16 and i?
16
Let c(i) be the third derivative of i**5/60 - i**4/12 - 5*i**3/6 + i**2. Let o be c(5). Calculate the greatest common factor of 4 and o.
2
Suppose 1344 = 5*h + 3*h. Let y be 2/3*1*36. What is the highest common factor of y and h?
24
Suppose 0 = 2*a + 10, -3*x + 4*a + 152 = x. Calculate the greatest common divisor of x and 297.
33
Suppose 3*h - 2*g - 696 = 0, -3*h + 3*g = -126 - 567. Calculate the greatest common factor of 26 and h.
26
Let g(w) = w + 2 + w - 3*w - 6. Let z be g(-8). Suppose m = z*p + 40, -4*m - 5*p + 79 = -186. What is